Suppose -55 = -8*l + 3*l. Let k = l + -7. What is the units digit of k?
4
Let t(p) = p**3 - 3*p**2 - 4*p + 2. Let a be t(4). Suppose 2*f = a + 2. Let l = f - -12. What is the units digit of l?
4
Suppose 5*j - 1126 + 331 = 0. What is the tens digit of j?
5
What is the tens digit of (-392)/(-32) - (-1)/(-4)?
1
Suppose 26 = -b + 4*j, -2*b + 3*j - 42 = b. Let q(h) = -h**2 - 11*h + 4. What is the units digit of q(b)?
4
Let a(q) = q**3 - 13*q**2 + 12*q + 13. Let n be a(12). Let p(x) = 2*x - 13. What is the units digit of p(n)?
3
Suppose -9*j = -11*j + 78. What is the tens digit of j?
3
Suppose -2*u + 4*w = -0*w - 88, -4*u = -2*w - 170. What is the tens digit of u?
4
Let f = -4 + 15. What is the units digit of f - (-3 - (-3)/3)?
3
Suppose -4*s = -8, -3*s - 982 = -6*u + 2*u. What is the units digit of u?
7
Let d(g) = g - 4 + 0*g - 1. Let q be 10*1 + 1 + -1. What is the units digit of d(q)?
5
Suppose -g - 4*g = -3*u + 29, 0 = 4*u + 3*g. Suppose -30 = -4*b - s + u*s, -s - 33 = -4*b. What is the units digit of b?
9
What is the tens digit of -2 - -15 - (-36)/12?
1
Let z = 17 - -2. What is the tens digit of z?
1
Suppose 2*s - 2*z = 18, -4 = -2*s - z - 1. Suppose -v + 9 + 6 = -s*o, 17 = 3*v + 2*o. What is the units digit of v?
7
Let x(i) = i**3 + 5*i**2 - 6*i + 2. Let m be x(-6). Suppose 0 = -m*d + d + 13. What is the tens digit of d?
1
Let r(m) = 2*m**2 + 5*m + 2. Let s be r(-3). Let y(l) = l. Let n be y(s). Suppose d - n = -2*a, -4*d - 3*a + 18 = -d. What is the units digit of d?
7
Suppose -4*b + c = -b - 71, -b + 21 = -c. What is the tens digit of b?
2
Let m = 5 + -3. Let v = m + 11. What is the tens digit of v?
1
Suppose -l + 7 + 13 = -3*t, 2*t = 2*l - 20. Let v = 18 - t. What is the tens digit of v?
2
Suppose -2*l + b = -4*b - 36, -104 = -4*l + 2*b. What is the tens digit of l?
2
Let f = 184 - 40. Suppose -5*x - 4*c = -f, 0 = 2*c + 2*c + 16. Suppose b = -3*b + x. What is the units digit of b?
8
Suppose 2*n - 5*n + 63 = 0. Suppose -w = 2*w + n. Let p = w - -13. What is the units digit of p?
6
Let l be -3 + -3*(-14)/6. Suppose 0*b = l*b - 8. Suppose j = -3*j - 4*y + 52, b*j - 4*y = 38. What is the units digit of j?
5
Suppose -3*h = -p + 5, -3*p + 2*h = h - 15. Let s(g) = -g**3 + 5*g**2 + g - 3. Let r be s(p). Suppose r*z - 12 = 8. What is the tens digit of z?
1
Let f(g) = g**2 - 2*g - 4. Let s be f(4). Suppose 119 - 31 = s*r. Let k = r - 15. What is the units digit of k?
7
Suppose 1020 - 19 = 7*w. What is the units digit of w?
3
What is the units digit of 2/(-11) + (-2916)/(-66)?
4
Suppose -27 = g - 70. What is the units digit of g?
3
Let f(h) = h**2 - 5*h + 6. Let l be 6 - (-1 - (-5 - -2)). What is the units digit of f(l)?
2
Suppose -3*r - 2*b = -10, -2*r - 2*b + 7 = -b. What is the units digit of r?
4
Let o(a) = 4*a + 3. Let c be o(3). Suppose d = -0*d - 4*i - c, -3*d = 5*i + 17. Suppose -y + 5 - d = 0. What is the units digit of y?
4
Let x(k) = k**3 + 16*k**2 + 5*k + 7. What is the hundreds digit of x(-15)?
1
Let k(s) = s**3 - 4*s**2 - 6*s + 7. Let m be (-3)/2 - (-104)/16. What is the units digit of k(m)?
2
What is the tens digit of 4/((-40)/(-75))*(-44)/(-2)?
6
Suppose p - 19 = -0*p. Let q = p - 11. What is the units digit of q?
8
Let m(x) = -10*x**3. Suppose 2*l - 4 = 2*y + 2, l - 2 = 0. What is the tens digit of m(y)?
1
Let a be 2/(3 + (-26)/10). Let x be ((-6)/a)/(6/(-320)). What is the units digit of x/6 - 3/(-9)?
1
Suppose 5*i = 2*i + 4*b + 10, -5 = i - 3*b. Suppose 6*v - 3*v = -2*v. Suppose i = -v*s + s. What is the tens digit of s?
1
Let n(t) = t**3 + 10*t**2 - 15*t - 18. What is the units digit of n(-11)?
6
Let g(m) = -m**2 - 2*m - 1. Let h be g(-3). Let t = h - -6. What is the units digit of t?
2
Suppose -3 = -j - 4. Let h be j + 0 + (4 - 3). What is the units digit of h - -1 - 6*-1?
7
Suppose 0 = -0*f - 3*f + 48. Suppose 3*o + 2*y = f, 5*y + 10 = 3*o + 4*y. What is the units digit of o?
4
Let a be (-155)/20 + (-2)/8. Let y = -1 - a. What is the units digit of y?
7
Suppose -l + 57 = 8. What is the tens digit of l?
4
Let p(s) be the first derivative of s**3/3 + s**2 + 3. Let v be p(-2). What is the units digit of 11/(-1)*(v + -1)?
1
Let x(a) = a + 13. Let d be x(-9). Suppose 2*w + 114 = 3*g + d*w, -3*g = -5*w - 93. What is the tens digit of g?
3
Suppose 4*x = 2*g + 14, 30 = g + 4*x + 7. Let r(n) = n - 4. Let z be r(g). What is the units digit of 44/2*z/(-2)?
1
Let n be 12/4 + (-13)/1. What is the units digit of 5/(n/(-6)) + 4?
7
Let y(m) = m**2 - m + 1. Let i be y(2). Suppose -9 = 2*n + 3*j, -i*n + 3*j = -4 - 5. Suppose -d + 4 = b, -2 = 4*d - 5*b - n. What is the units digit of d?
2
Let w(d) be the first derivative of d**4/4 + d**3/3 - 9. Let o be (1 + 1)*3/6. What is the units digit of w(o)?
2
Let u = 0 - 8. Let y be ((-4)/u)/(2/152). Suppose k + 3 = 2*i - 14, y = 4*i + 2*k. What is the units digit of i?
9
Let g = -63 - -192. What is the tens digit of g?
2
Let n = 17 - 12. Suppose -4*t + h = 48, -h + 24 = -n*t - 37. Let b = t + 21. What is the units digit of b?
8
Let q(n) = -n**3 + 4*n**2 + 5*n + 5. Let y be q(5). Suppose 0*i = i + 1, -4*i + 11 = -y*t. What is the units digit of (6/(-9))/(2/t)?
1
Let v = 15 + -10. Suppose v*w - 2*z = z + 90, -z = w - 26. What is the tens digit of w?
2
Suppose -4*j = -4*u + 40, 3*u = 5*j - 0*j + 48. Let p = 17 + j. What is the units digit of p?
8
Let z(s) be the third derivative of 0*s**3 + 0*s**4 + 2/15*s**5 + s**2 + 0*s + 0. What is the units digit of z(-1)?
8
Let d(h) = h**2 + 10*h + 21. What is the tens digit of d(-9)?
1
Suppose 15 = 5*i - 2*i. Suppose -23 = i*w - 103. What is the units digit of w?
6
Let l be 2/8*6*-4. Let h(w) = w**3 + 7*w**2 + 3*w - 8. What is the tens digit of h(l)?
1
Let y(m) = -m - 3. Let v be y(-6). Suppose v*c = 10 + 8. What is the units digit of c?
6
Suppose 3*g - m - 785 = 0, g - 7*m - 271 = -2*m. What is the tens digit of g/(-6)*4/(-6)?
2
Suppose 0 = -z - 3*z + l + 3, -2*l = 2*z + 6. Let j = 3 + z. Suppose -t + 13 = j*t - q, -2*q - 10 = 0. What is the units digit of t?
2
Suppose -23 = -2*r + r. What is the units digit of r?
3
Let g = 6 - 6. Let b = 3 + g. Suppose -w - b = -21. What is the tens digit of w?
1
Let c(d) = d**2 + d - 4. Let g be c(-3). Suppose 4*a - 220 = -f - f, a = -g*f + 55. Suppose m + a = 6*m. What is the tens digit of m?
1
Let k be (-50)/15*(-3)/(-2). What is the tens digit of (48 + k)*(-2 + 3)?
4
Let g(d) = d**2 - 7*d + 4. Let f be g(7). Let v = 40 - 26. Suppose -f*p + 2 = -v. What is the units digit of p?
4
Let y(a) = 3*a. Let g be y(5). Suppose -4*h + 9*h + 2*b + g = 0, 0 = b + 5. What is the units digit of 1/(h + (-18)/(-16))?
8
Suppose -36*s = -33*s - 210. What is the tens digit of s?
7
Let l(z) be the third derivative of z**5/60 - z**4/24 - z**3/2 - 2*z**2. Let h be l(3). Suppose 16 = h*w + 1. What is the units digit of w?
5
Let a be ((-2)/3)/(1/3). Let p(b) = b**2 - 1 + 3*b + 2*b**2 + 0*b - b. What is the units digit of p(a)?
7
Let d(m) = 0*m - 5*m - 2 + 2*m + m. Let x be d(-6). What is the units digit of (-6)/x - 215/(-25)?
8
Let i = -28 - -30. Suppose 4*z + 5*k = 200, -i*z + 81 = -k - 33. What is the tens digit of z?
5
Suppose 0 = -2*b + 22 - 6. Suppose b*t - 76 = 4*t. Let u = t - 8. What is the units digit of u?
1
Let r(n) = n**3 + 23*n**2 - 3*n - 49. What is the units digit of r(-23)?
0
Let j(d) = -2*d**3 - d**2 + 2*d**3 - 2*d**3 - 2*d**3. Let l be j(-2). Suppose -y = -3*y + l. What is the units digit of y?
4
Let t(m) = 5*m**2 - 9*m + 10. What is the units digit of t(5)?
0
Suppose -q = 4*q. Suppose 0 = 3*t - 0*p + 3*p - 39, t - 4*p - 8 = q. What is the tens digit of t?
1
Let k(j) = j + 9. Let q be k(-7). Suppose 4*p + 21 = -t, q*p = -0*p - 2*t - 6. What is the units digit of 10/p*3/(-1)?
5
Let f be (4 + -6)*1/2. Let u be (-15)/(-6)*(-2)/f. Suppose 35 = 2*m - u*g, -5*m + 0*g = 3*g - 72. What is the tens digit of m?
1
Let c be (5 + -4)/((-1)/3). What is the tens digit of c - (-6)/3 - -13?
1
Suppose 5*r - 4 - 7 = -3*k, -4*r + 3*k + 25 = 0. Suppose -r = 3*f - 7*f. What is the units digit of f?
1
Suppose 7 = 2*p - 1. Suppose -57 = -5*q + p*d + 3, 2*q - 24 = -3*d. What is the units digit of q?
2
Let a(g) = g**3 - 2*g**2 + g - 2. Let v be a(3). Let x = v + 15. What is the units digit of x?
5
Suppose 0 = -6*g + 26 + 136. What is the units digit of g?
7
